53 and 147.
49
What is the greatest common divisor of 300513864 and 8?
8
Calculate the highest common factor of 216 and 29728728.
216
Calculate the greatest common divisor of 727447 and 1309.
119
What is the greatest common divisor of 241972 and 64?
4
What is the highest common factor of 617876 and 490?
14
What is the greatest common factor of 8275 and 1045960?
1655
What is the highest common divisor of 1597443705 and 165?
165
What is the greatest common divisor of 170597209 and 67?
67
Calculate the highest common divisor of 565225 and 13639.
23
Calculate the greatest common factor of 3801555 and 3335.
115
What is the highest common factor of 130 and 11806930?
10
Calculate the highest common divisor of 38472184 and 40.
8
What is the highest common factor of 13 and 160562428?
13
Calculate the greatest common factor of 322368 and 2534784.
4416
Calculate the highest common factor of 22425 and 1184500.
575
What is the highest common divisor of 404 and 25466544?
404
Calculate the greatest common divisor of 69939 and 67032.
171
What is the greatest common factor of 1712100 and 38100?
300
What is the highest common divisor of 26576 and 4682359?
1661
What is the highest common divisor of 21110 and 1345?
5
Calculate the highest common divisor of 98 and 718193.
49
Calculate the greatest common factor of 8484 and 72553047.
2121
What is the highest common divisor of 29372 and 34916?
28
Calculate the greatest common divisor of 126457320 and 2640.
1320
Calculate the highest common divisor of 6 and 34093506.
6
Calculate the greatest common divisor of 63 and 46072656.
63
Calculate the highest common divisor of 32010 and 25135.
55
Calculate the highest common factor of 46551414 and 8736.
546
What is the greatest common divisor of 103362650 and 50?
50
What is the highest common divisor of 179850528 and 132?
132
What is the greatest common factor of 1777792 and 4998?
34
What is the greatest common factor of 419680 and 244928?
1376
What is the greatest common divisor of 99303995 and 4390?
2195
Calculate the greatest common divisor of 224 and 8778196.
28
Calculate the greatest common divisor of 18624 and 345126.
582
What is the highest common divisor of 139606 and 1348964?
1682
What is the highest common divisor of 8013 and 7941?
3
Calculate the greatest common divisor of 3803173 and 3751.
341
What is the highest common factor of 8370 and 3259836?
558
What is the highest common factor of 18304 and 9507784?
1144
What is the highest common factor of 8379 and 118776?
147
What is the greatest common divisor of 27189057 and 5229?
1743
What is the highest common divisor of 389262248 and 971?
971
What is the highest common factor of 1977 and 47737301?
659
Calculate the highest common factor of 16675702 and 514.
514
Calculate the greatest common factor of 1461528 and 574944.
1272
Calculate the greatest common factor of 199927020 and 240.
60
What is the greatest common divisor of 90126924 and 60?
12
What is the greatest common factor of 29933 and 787157?
809
What is the highest common factor of 169214 and 3303150?
2318
Calculate the greatest common divisor of 3005888 and 9648.
1072
What is the greatest common divisor of 13677 and 39257549?
4559
Calculate the highest common divisor of 253694 and 3227.
7
Calculate the highest common factor of 76768 and 8592.
16
Calculate the greatest common factor of 261583128 and 972.
108
Calculate the greatest common factor of 215 and 368793671.
43
Calculate the greatest common divisor of 233922815 and 490.
245
Calculate the greatest common divisor of 1302270 and 410352.
498
Calculate the greatest common factor of 20012931 and 1548.
387
Calculate the greatest common factor of 6805174 and 29169.
463
What is the greatest common divisor of 3378 and 28695547?
563
Calculate the greatest common factor of 97079 and 82025.
193
Calculate the highest common factor of 37281986 and 646.
34
Calculate the highest common factor of 11735829 and 252.
63
What is the highest common divisor of 1541372 and 35?
7
What is the highest common factor of 706517 and 245?
7
Calculate the highest common factor of 1417311346 and 209.
209
What is the greatest common divisor of 5272681 and 1886?
23
Calculate the highest common factor of 475134 and 737.
11
What is the greatest common divisor of 725 and 6034958?
29
What is the greatest common factor of 2340 and 467926680?
780
Calculate the highest common divisor of 139938271 and 561.
187
Calculate the highest common divisor of 20160 and 109488.
48
Calculate the greatest common divisor of 1449273 and 1323.
147
What is the highest common divisor of 126546 and 2406208?
1834
Calculate the greatest common divisor of 37 and 24513869.
37
What is the greatest common factor of 1876 and 4576100?
268
Calculate the highest common divisor of 1398092 and 10422.
386
Calculate the greatest common divisor of 484 and 77964.
4
What is the greatest common factor of 1102437 and 71253?
189
Calculate the highest common divisor of 234 and 50760684.
234
What is the highest common divisor of 3557708 and 73073?
77
Calculate the highest common factor of 19533792 and 72.
24
What is the greatest common factor of 1846 and 228194?
142
Calculate the greatest common factor of 426 and 383379694.
142
What is the highest common divisor of 23376756 and 37518?
1014
Calculate the highest common factor of 5088 and 12115482.
318
Calculate the highest common factor of 37224 and 1022146224.
12408
Calculate the highest common factor of 493 and 113068564.
493
What is the highest common factor of 494242 and 422002?
602
What is the greatest common factor of 46065 and 96371051?
3071
Calculate the highest common divisor of 56711 and 61.
1
What is the highest common factor of 43636628 and 164?
164
What is the highest common divisor of 2152620 and 143280?
180
What is the greatest common factor of 37145 and 54165?
115
Calculate the greatest common divisor of 12525083 and 10921.
163
What is the greatest common divisor of 12875218 and 962182?
3218
What is the greatest common factor of 35 and 96531715?
35
What is the highest common factor of 2750 and 347861750?
250
What is the highest common divisor of 6325480 and 34916?
812
Calculate the highest common factor of 35173 and 310522.
17
Calculate the highest common divisor of 724 and 8199662.
362
What is the greatest common factor of 2454620 and 2848?
356
Calculate the highest common divisor of 8157887 and 14824.
109
Calculate the highest common divisor of 39 and 40122303.
39
What is the greatest common divisor of 105560 and 62223560?
8120
What is the greatest common factor of 53 and 13966083?
53
Calculate the greatest common factor of 9774399 and 582.
291
What is the greatest common divisor of 258278830 and 710?
710
Calculate the highest common divisor of 1573904 and 3488.
16
What is the greatest common divisor of 3956940 and 442?
26
Calculate the highest common divisor of 10 and 372399780.
10
Calculate the greatest common factor of 215791047 and 66096.
4131
Calculate the greatest common factor of 3120 and 1459900.
260
Calculate the greatest common divisor of 9369 and 6041964.
1041
Calculate the highest common factor of 2635725 and 125.
25
Calculate the highest common factor of 159172 and 1239705.
3061
Calculate the highest common divisor of 9597 and 44043832.
3199
What is the greatest common factor of 3245 and 3422295?
295
What is the highest common divisor of 96776270 and 155045?
14095
What is the highest common divisor of 13105981 and 784?
49
What is the greatest common factor of 88941 and 78275814?
3867
What is the greatest common factor of 926499 and 420?
21
Calculate the greatest common factor of 22845809 and 127253.
2597
Calculate the greatest common factor of 378 and 15058818.
54
Calculate the greatest common factor of 695684963 and 5329.
5329
What is the highest common divisor of 161121 and 351396?
129
What is the highest common divisor of 126618 and 18416184?
2694
Calculate the greatest common factor of 2600 and 2026245.
65
Calculate the greatest common factor of 815814547 and 2669.
2669
Calculate the highest common factor of 5587 and 103119259.
5587
Calculate the greatest common divisor of 47770248 and 12792.
984
What is the highest common divisor of 55976675 and 82575?
9175
What is the greatest common divisor of 6